{"id":30,"date":"2011-05-02T11:45:06","date_gmt":"2011-05-02T11:45:06","guid":{"rendered":"http:\/\/192.168.1.50\/Themes\/2012\/Nano2\/Website_WP\/?page_id=30"},"modified":"2025-02-22T19:12:28","modified_gmt":"2025-02-22T19:12:28","slug":"master-theme","status":"publish","type":"page","link":"http:\/\/www.fincapasion.com\/","title":{"rendered":"Home"},"content":{"rendered":"<p>Finca Pasi\u00f3n is a wine production project for export to the world. We are located in Mendoza, Argentina, in a privileged region for the cultivation of grapes. Our family is the third generation producing wines in Mendoza.<\/p>\n<p>Finca Pasi\u00f3n es un proyecto de producci\u00f3n de vinos para exportar al mundo. Nos encontramos en Mendoza Argentina, en una regi\u00f3n privilegiada para el cultivo de la vid. Nuestra familia es la tercera generaci\u00f3n produciendo vinos en Mendoza.<\/p>\n<p>&nbsp;<\/p>\n","protected":false},"excerpt":{"rendered":"<p>Finca Pasi\u00f3n is a wine production project for export to the world. We are located in Mendoza, Argentina, in a privileged region for the cultivation of grapes. Our family is the third generation producing wines in Mendoza. Finca Pasi\u00f3n es un proyecto de producci\u00f3n de vinos para exportar al mundo. Nos encontramos en Mendoza Argentina, &hellip; <\/p>\n<p class=\"link-more\"><a href=\"http:\/\/www.fincapasion.com\/\" class=\"more-link\">Continuar leyendo<span class=\"screen-reader-text\"> \u00abHome\u00bb<\/span><\/a><\/p>\n","protected":false},"author":1,"featured_media":0,"parent":0,"menu_order":0,"comment_status":"closed","ping_status":"closed","template":"","meta":{"footnotes":""},"class_list":["post-30","page","type-page","status-publish","hentry"],"_links":{"self":[{"href":"http:\/\/www.fincapasion.com\/index.php?rest_route=\/wp\/v2\/pages\/30","targetHints":{"allow":["GET"]}}],"collection":[{"href":"http:\/\/www.fincapasion.com\/index.php?rest_route=\/wp\/v2\/pages"}],"about":[{"href":"http:\/\/www.fincapasion.com\/index.php?rest_route=\/wp\/v2\/types\/page"}],"author":[{"embeddable":true,"href":"http:\/\/www.fincapasion.com\/index.php?rest_route=\/wp\/v2\/users\/1"}],"replies":[{"embeddable":true,"href":"http:\/\/www.fincapasion.com\/index.php?rest_route=%2Fwp%2Fv2%2Fcomments&post=30"}],"version-history":[{"count":5,"href":"http:\/\/www.fincapasion.com\/index.php?rest_route=\/wp\/v2\/pages\/30\/revisions"}],"predecessor-version":[{"id":943,"href":"http:\/\/www.fincapasion.com\/index.php?rest_route=\/wp\/v2\/pages\/30\/revisions\/943"}],"wp:attachment":[{"href":"http:\/\/www.fincapasion.com\/index.php?rest_route=%2Fwp%2Fv2%2Fmedia&parent=30"}],"curies":[{"name":"wp","href":"https:\/\/api.w.org\/{rel}","templated":true}]}}